{"id":5,"date":"2023-02-14T14:52:51","date_gmt":"2023-02-14T13:52:51","guid":{"rendered":"https:\/\/kz-gedenkstaette-husum-schwesing.de\/das-war-hier\/?page_id=5"},"modified":"2026-01-07T14:08:38","modified_gmt":"2026-01-07T13:08:38","slug":"das-war-hier","status":"publish","type":"page","link":"https:\/\/kz-gedenkstaette-husum-schwesing.de\/das-war-hier\/","title":{"rendered":"Das war hier: Mirjam Cohen"},"content":{"rendered":"<p>[et_pb_section fb_built=&#8220;1&#8243; _builder_version=&#8220;4.19.4&#8243; _module_preset=&#8220;default&#8220; global_colors_info=&#8220;{}&#8220;][et_pb_row column_structure=&#8220;1_2,1_2&#8243; admin_label=&#8220;Zeile&#8220; _builder_version=&#8220;4.19.4&#8243; _module_preset=&#8220;default&#8220; global_colors_info=&#8220;{}&#8220;][et_pb_column type=&#8220;1_2&#8243; _builder_version=&#8220;4.19.4&#8243; _module_preset=&#8220;default&#8220; global_colors_info=&#8220;{}&#8220;][et_pb_button button_url=&#8220;@ET-DC@eyJkeW5hbWljIjp0cnVlLCJjb250ZW50IjoicG9zdF9saW5rX3VybF9wb3N0Iiwic2V0dGluZ3MiOnsicG9zdF9pZCI6IjE2OCJ9fQ==@&#8220; button_text=&#8220;Wer war Mirjam Cohen?&#8220; button_alignment=&#8220;center&#8220; admin_label=&#8220;Wer war M. Cohen?&#8220; _builder_version=&#8220;4.19.4&#8243; _dynamic_attributes=&#8220;button_url&#8220; _module_preset=&#8220;default&#8220; custom_button=&#8220;on&#8220; button_text_color=&#8220;#000000&#8243; button_border_color=&#8220;#000000&#8243; button_icon=&#8220;&#x69;||divi||400&#8243; global_colors_info=&#8220;{}&#8220;][\/et_pb_button][\/et_pb_column][et_pb_column type=&#8220;1_2&#8243; _builder_version=&#8220;4.19.4&#8243; _module_preset=&#8220;default&#8220; global_colors_info=&#8220;{}&#8220;][et_pb_button button_url=&#8220;@ET-DC@eyJkeW5hbWljIjp0cnVlLCJjb250ZW50IjoicG9zdF9saW5rX3VybF9wb3N0Iiwic2V0dGluZ3MiOnsicG9zdF9pZCI6IjE3MSJ9fQ==@&#8220; button_text=&#8220;Wer war Sophie Jacobsen?&#8220; button_alignment=&#8220;center&#8220; admin_label=&#8220;Wer war S. Jacobsen?&#8220; _builder_version=&#8220;4.19.4&#8243; _dynamic_attributes=&#8220;button_url&#8220; _module_preset=&#8220;default&#8220; custom_button=&#8220;on&#8220; button_text_color=&#8220;#000000&#8243; button_border_color=&#8220;#000000&#8243; button_icon=&#8220;&#x69;||divi||400&#8243; global_colors_info=&#8220;{}&#8220;][\/et_pb_button][\/et_pb_column][\/et_pb_row][et_pb_row column_structure=&#8220;3_4,1_4&#8243; _builder_version=&#8220;4.19.4&#8243; _module_preset=&#8220;default&#8220; global_colors_info=&#8220;{}&#8220;][et_pb_column type=&#8220;3_4&#8243; _builder_version=&#8220;4.19.4&#8243; _module_preset=&#8220;default&#8220; global_colors_info=&#8220;{}&#8220;][et_pb_blog meta_date=&#8220;j.m.Y&#8220; _builder_version=&#8220;4.19.4&#8243; _module_preset=&#8220;default&#8220; global_colors_info=&#8220;{}&#8220;][\/et_pb_blog][\/et_pb_column][et_pb_column type=&#8220;1_4&#8243; _builder_version=&#8220;4.19.4&#8243; _module_preset=&#8220;default&#8220; border_color_left=&#8220;#0C71C3&#8243; global_colors_info=&#8220;{}&#8220;][et_pb_image src=&#8220;https:\/\/kz-gedenkstaette-husum-schwesing.de\/das-war-hier\/wp-content\/uploads\/sites\/11\/2026\/01\/2022_icon_mirjam_cohen-7fe1e5cd-1.png&#8220; title_text=&#8220;2022_icon_mirjam_cohen-7fe1e5cd-1&#8243; admin_label=&#8220;Bild Mirjam&#8220; _builder_version=&#8220;4.27.4&#8243; _module_preset=&#8220;default&#8220; global_colors_info=&#8220;{}&#8220;][\/et_pb_image][et_pb_text _builder_version=&#8220;4.27.4&#8243; _module_preset=&#8220;default&#8220; header_text_align=&#8220;center&#8220; hover_enabled=&#8220;0&#8243; global_colors_info=&#8220;{}&#8220; sticky_enabled=&#8220;0&#8243;]<\/p>\n<h1>Das war hier<\/h1>\n<p>Mirjam Cohen war eine j\u00fcdische Sch\u00fclerin der Theodor-Storm-Schule und fiel 1943 dem Holocaust zum Opfer. Hier erz\u00e4hlen wir ihre Geschichte: <a href=\"https:\/\/safeshare.tv\/x\/lsRm_dY2Tnc\" target=\"_blank\" rel=\"noopener\">Das Leben der Mirjam Cohen<\/a><\/p>\n<p>[\/et_pb_text][et_pb_text admin_label=&#8220;kooperationen&#8220; _builder_version=&#8220;4.19.4&#8243; _module_preset=&#8220;default&#8220; header_text_align=&#8220;center&#8220; global_colors_info=&#8220;{}&#8220;]<\/p>\n<h1>Kooperationspartner*innen<\/h1>\n<ul>\n<li><a href=\"https:\/\/www.husum.org\/Verwaltung-Politik\/Verwaltung\/Gleichstellungsbeauftragte\/Husumer-Frauengeschichtswerkstatt\/https:\/\/www.husum.org\/Verwaltung-Politik\/Verwaltung\/Gleichstellungsbeauftragte\/Husumer-Frauengeschichtswerkstatt\/\" target=\"_blank\" rel=\"noopener\">Husumer Frauengeschichtswerkstatt<\/a><\/li>\n<li><a href=\"https:\/\/kz-gedenkstaette-husum-schwesing.de\/\" target=\"_blank\" rel=\"noopener\">KZ-Gedenkst\u00e4tte Husum-Schwesing<\/a><\/li>\n<\/ul>\n<p>[\/et_pb_text][et_pb_image src=&#8220;https:\/\/www.z-g-a.de\/wp-content\/logo\/ZusammenGegenAnitisemitismus_Logo.jpg&#8220; url=&#8220;https:\/\/www.z-g-a.de\/&#8220; url_new_window=&#8220;on&#8220; admin_label=&#8220;zusammen gegen antisemitismus &#8211; label&#8220; _builder_version=&#8220;4.19.4&#8243; _module_preset=&#8220;default&#8220; global_colors_info=&#8220;{}&#8220;][\/et_pb_image][\/et_pb_column][\/et_pb_row][\/et_pb_section]<\/p>\n","protected":false},"excerpt":{"rendered":"<p>Das war hier Mirjam Cohen war eine j\u00fcdische Sch\u00fclerin der Theodor-Storm-Schule und fiel 1943 dem Holocaust zum Opfer. Hier erz\u00e4hlen wir ihre Geschichte: Das Leben der Mirjam CohenKooperationspartner*innen Husumer Frauengeschichtswerkstatt KZ-Gedenkst\u00e4tte Husum-Schwesing<\/p>\n","protected":false},"author":16,"featured_media":0,"parent":0,"menu_order":0,"comment_status":"closed","ping_status":"closed","template":"","meta":{"_et_pb_use_builder":"on","_et_pb_old_content":"","_et_gb_content_width":"","footnotes":""},"class_list":["post-5","page","type-page","status-publish","hentry"],"_links":{"self":[{"href":"https:\/\/kz-gedenkstaette-husum-schwesing.de\/das-war-hier\/wp-json\/wp\/v2\/pages\/5","targetHints":{"allow":["GET"]}}],"collection":[{"href":"https:\/\/kz-gedenkstaette-husum-schwesing.de\/das-war-hier\/wp-json\/wp\/v2\/pages"}],"about":[{"href":"https:\/\/kz-gedenkstaette-husum-schwesing.de\/das-war-hier\/wp-json\/wp\/v2\/types\/page"}],"author":[{"embeddable":true,"href":"https:\/\/kz-gedenkstaette-husum-schwesing.de\/das-war-hier\/wp-json\/wp\/v2\/users\/16"}],"replies":[{"embeddable":true,"href":"https:\/\/kz-gedenkstaette-husum-schwesing.de\/das-war-hier\/wp-json\/wp\/v2\/comments?post=5"}],"version-history":[{"count":9,"href":"https:\/\/kz-gedenkstaette-husum-schwesing.de\/das-war-hier\/wp-json\/wp\/v2\/pages\/5\/revisions"}],"predecessor-version":[{"id":213,"href":"https:\/\/kz-gedenkstaette-husum-schwesing.de\/das-war-hier\/wp-json\/wp\/v2\/pages\/5\/revisions\/213"}],"wp:attachment":[{"href":"https:\/\/kz-gedenkstaette-husum-schwesing.de\/das-war-hier\/wp-json\/wp\/v2\/media?parent=5"}],"curies":[{"name":"wp","href":"https:\/\/api.w.org\/{rel}","templated":true}]}}